d 451319?
461
What is the highest common factor of 81 and 48694?
1
What is the greatest common divisor of 1012784 and 288?
16
What is the greatest common divisor of 1692 and 52796322?
846
What is the greatest common divisor of 30177808 and 40?
8
Calculate the greatest common factor of 10615 and 17925.
5
What is the highest common factor of 721282196 and 12?
4
What is the highest common factor of 1890 and 25695?
45
What is the greatest common factor of 53809555 and 3545?
3545
What is the greatest common divisor of 527 and 9809?
17
Calculate the greatest common factor of 481491969 and 4309.
4309
What is the highest common divisor of 32096897 and 749?
749
Calculate the highest common divisor of 462 and 5505458.
14
Calculate the highest common divisor of 1076759 and 93873.
83
Calculate the greatest common divisor of 5579 and 202622.
7
What is the greatest common factor of 4196100 and 5700?
300
What is the highest common factor of 2475998 and 3766?
14
Calculate the greatest common divisor of 798 and 1453746.
42
Calculate the greatest common factor of 1083 and 24097111.
361
What is the greatest common divisor of 37373871 and 16405?
3281
What is the greatest common divisor of 60958201 and 141?
47
What is the highest common factor of 3190031 and 1222?
611
What is the greatest common factor of 2180 and 2501490?
10
Calculate the highest common factor of 452 and 459839714.
226
Calculate the highest common divisor of 1 and 3177497.
1
What is the highest common factor of 3214796 and 633?
211
Calculate the greatest common factor of 27112144 and 340.
68
What is the greatest common divisor of 22300 and 526949?
223
Calculate the greatest common divisor of 18568953 and 2808.
351
Calculate the greatest common factor of 2887 and 549884003.
2887
What is the highest common factor of 340 and 38476236?
68
What is the greatest common divisor of 14 and 2602588?
2
Calculate the highest common divisor of 3033 and 558287006.
337
Calculate the highest common factor of 36 and 55655604.
36
What is the highest common divisor of 833 and 195370987?
833
What is the highest common divisor of 404380304 and 16?
16
Calculate the highest common divisor of 3465 and 6728505.
105
What is the highest common divisor of 46968 and 288606?
618
Calculate the greatest common factor of 1571298672 and 8.
8
What is the highest common divisor of 132 and 5905383?
33
Calculate the highest common divisor of 14619 and 2112.
33
What is the greatest common factor of 1680 and 10299540?
60
Calculate the greatest common divisor of 31245094 and 74.
74
Calculate the greatest common divisor of 12930960 and 88.
8
What is the highest common divisor of 11 and 84473818?
11
What is the greatest common divisor of 217 and 275714?
31
What is the greatest common factor of 2657280 and 1384?
1384
What is the highest common divisor of 549083 and 25262?
17
Calculate the highest common divisor of 69570696 and 2028.
156
What is the greatest common divisor of 169964 and 8?
4
Calculate the highest common divisor of 780 and 815530365.
195
What is the greatest common factor of 856 and 225204184?
856
Calculate the greatest common divisor of 1193478 and 4672512.
1014
Calculate the greatest common divisor of 573087 and 212181.
1983
What is the greatest common factor of 1014625 and 13425?
25
Calculate the highest common factor of 1771 and 3343165.
161
What is the greatest common divisor of 12 and 46833756?
12
Calculate the greatest common factor of 53334 and 11106.
18
What is the highest common factor of 73038 and 1652238?
1974
What is the greatest common divisor of 6906 and 6335104?
2302
Calculate the greatest common factor of 265540 and 5335.
55
What is the highest common factor of 250709214 and 1674?
186
Calculate the highest common factor of 369170 and 4066.
38
Calculate the greatest common divisor of 2831848 and 691704.
5912
Calculate the highest common factor of 698349 and 236118.
2001
Calculate the highest common divisor of 639882720 and 2160.
2160
Calculate the highest common factor of 2 and 568411388.
2
What is the greatest common divisor of 1662759 and 9639?
63
What is the greatest common factor of 2009468 and 142796?
116
Calculate the highest common divisor of 595918 and 55674.
2062
Calculate the greatest common factor of 500 and 31704900.
100
What is the greatest common divisor of 6402012 and 96?
12
What is the highest common divisor of 7285902 and 3799?
29
Calculate the highest common factor of 271 and 23020.
1
Calculate the greatest common divisor of 1628224 and 7410.
494
Calculate the highest common divisor of 119259 and 19632303.
5679
What is the greatest common divisor of 2597028 and 45150?
1806
What is the highest common factor of 288148 and 44198?
574
What is the greatest common divisor of 172 and 6743131?
43
Calculate the highest common factor of 256140 and 1035.
45
What is the greatest common factor of 6600 and 20773700?
100
What is the greatest common divisor of 363 and 1437634?
11
What is the highest common factor of 225899 and 167473?
223
What is the greatest common divisor of 4974 and 2031050?
1658
Calculate the greatest common factor of 9412 and 4617672.
724
Calculate the highest common factor of 41223324 and 24.
12
What is the greatest common factor of 3425664 and 1584?
528
Calculate the greatest common factor of 113564904 and 744.
744
Calculate the highest common divisor of 57077192 and 3112.
3112
What is the greatest common factor of 116 and 1232852?
4
What is the greatest common divisor of 414 and 19338216?
138
Calculate the greatest common divisor of 1600 and 35895900.
100
Calculate the greatest common divisor of 64622 and 624258.
158
What is the highest common divisor of 2784 and 5489844?
12
Calculate the highest common factor of 118541790 and 90.
90
What is the greatest common divisor of 71627071 and 87?
29
Calculate the highest common factor of 1728 and 100874304.
576
What is the highest common factor of 178180 and 108560?
1180
What is the greatest common divisor of 636 and 3950412?
12
What is the highest common divisor of 1710 and 86355?
855
What is the greatest common factor of 760 and 480471620?
380
Calculate the highest common divisor of 427671 and 1023397.
1159
What is the highest common divisor of 188088648 and 528?
264
What is the highest common divisor of 500775 and 37950?
825
Calculate the greatest common factor of 3206315 and 1960.
245
Calculate the highest common divisor of 75587 and 31158.
577
What is the highest common factor of 3800 and 2555785?
95
What is the highest common divisor of 18874496 and 480?
32
What is the highest common factor of 237647 and 7383?
107
Calculate the greatest common factor of 4385 and 11851778.
877
What is the greatest common divisor of 3880314 and 12?
6
What is the highest common divisor of 81376 and 1024?
32
What is the greatest common divisor of 263909579 and 3277?
113
Calculate the greatest common divisor of 56480 and 8357275.
1765
Calculate the greatest common divisor of 10584 and 5816664.
1512
Calculate the highest common divisor of 324 and 4388016.
12
What is the highest common divisor of 4162172 and 4496?
1124
Calculate the highest common factor of 924 and 32412996.
924
Calculate the greatest common factor of 70 and 2122290.
10
What is the greatest common divisor of 1121874 and 43719?
741
Calculate the highest common divisor of 2154294 and 4176.
522
What is the highest common factor of 18 and 51781797?
9
Calculate the highest common factor of 3317961 and 992.
31
What is the highest common factor of 53690 and 18829720?
910
Calculate the greatest common factor of 982074 and 12.
6
Calculate the highest common divisor of 37242936 and 432.
216
What is the greatest common divisor of 144 and 1409592?
24
What is the greatest common divisor of 294242 and 190918?
26
What is the highest common factor of 1137 and 85589949?
1137
Calculate the highest common divisor of 17937960 and 160.
40
What is the highest common factor of 4230 and 80182?
94
What is the greatest common divisor of 25766 and 4784?
26
What is the greatest common factor of 136 and 4019224?
8
Calculate the greatest common divisor of 153351 and 2871.
99
Calculate the greatest common factor of 160576 and 70486.
26
Calculate the greatest common factor of 1805 and 7329174.
19
Calculate the greatest